{"id":10376,"date":"2015-06-25T19:08:46","date_gmt":"2015-06-25T19:08:46","guid":{"rendered":"https:\/\/www.wiegel-autolackiererei.de\/?page_id=10376"},"modified":"2017-06-12T07:54:30","modified_gmt":"2017-06-12T07:54:30","slug":"partner","status":"publish","type":"page","link":"https:\/\/www.wiegel-autolackiererei.de\/?page_id=10376","title":{"rendered":"Partner"},"content":{"rendered":"<div class=\"row \"><div class=\"wpv-grid grid-1-3  wpv-first-level first unextended\" style=\"padding-top:0px;padding-bottom:0px\" id=\"wpv-column-89fed8cf2ccdf957e91fda25d3e561eb\" ><p><a href=\"http:\/\/www.standox.com\"><img loading=\"lazy\" decoding=\"async\" class=\"alignnone size-full wp-image-10323\" src=\"https:\/\/www.wiegel-autolackiererei.de\/wp-content\/uploads\/2015\/06\/repanet-logo-typeB.png\" alt=\"repanet-logo-typeB\" width=\"170\" height=\"77\" \/><\/a><\/div>\n<div class=\"wpv-grid grid-2-3  wpv-first-level unextended\" style=\"padding-top:0px;padding-bottom:0px\" id=\"wpv-column-32f56b971a5084110e78b37d08da8d63\" ><p>Standox, einer der international f\u00fchrenden Hersteller von Premium-Autoreparaturlacken<\/div><\/div>\n<div class=\"sep\"><\/div>\n<div class=\"row \"><div class=\"wpv-grid grid-1-3  wpv-first-level first unextended\" style=\"padding-top:0px;padding-bottom:0px\" id=\"wpv-column-386655eed665d18fa7b1df7acd7e84f4\" ><p><a href=\"http:\/\/www.wuerth.com\/web\/de\/wuerthcom\/portal\/portalseite.php\"><img loading=\"lazy\" decoding=\"async\" class=\"alignnone size-full wp-image-10793\" src=\"https:\/\/www.wiegel-autolackiererei.de\/wp-content\/uploads\/2015\/08\/logo.gif\" alt=\"logo\" width=\"162\" height=\"35\" \/><\/a><\/div>\n<div class=\"wpv-grid grid-2-3  wpv-first-level unextended\" style=\"padding-top:0px;padding-bottom:0px\" id=\"wpv-column-d158e2078c6986528a483ffb654c6bb8\" ><p>F\u00fchrender Spezialist im Handel mit Montage- und Befestigungsmaterial.<\/div><\/div>\n<div class=\"sep\"><\/div>\n<div class=\"row \"><div class=\"wpv-grid grid-1-3  wpv-first-level first unextended\" style=\"padding-top:0px;padding-bottom:0px\" id=\"wpv-column-f88d7ce80100eed75351c871d5d297b1\" ><p><a href=\"http:\/\/www.3mdeutschland.de\/3M\/de_DE\/unternehmen-de\/?WT.mc_id=www.3m.de\"><img loading=\"lazy\" decoding=\"async\" class=\"alignnone size-full wp-image-10794\" src=\"https:\/\/www.wiegel-autolackiererei.de\/wp-content\/uploads\/2015\/08\/Logo.png\" alt=\"Logo\" width=\"230\" height=\"43\" \/><\/a><\/div>\n<div class=\"wpv-grid grid-2-3  wpv-first-level unextended\" style=\"padding-top:0px;padding-bottom:0px\" id=\"wpv-column-cfe70ef0304081eedcd1b37970aa7bf8\" ><p>Autoreparatur und Lackierung mit System<\/div><\/div>\n<div class=\"sep\"><\/div>\n<div class=\"row \"><div class=\"wpv-grid grid-1-3  wpv-first-level first unextended\" style=\"padding-top:0px;padding-bottom:0px\" id=\"wpv-column-8d3d14fc7e3c60114afce1535825701d\" ><p><a href=\"http:\/\/www.sadi.de\/\"><img loading=\"lazy\" decoding=\"async\" class=\"alignnone size-full wp-image-10795\" src=\"https:\/\/www.wiegel-autolackiererei.de\/wp-content\/uploads\/2015\/08\/sadi_logo.png\" alt=\"sadi_logo\" width=\"176\" height=\"91\" \/><\/a><\/div>\n<div class=\"wpv-grid grid-2-3  wpv-first-level unextended\" style=\"padding-top:0px;padding-bottom:0px\" id=\"wpv-column-51344db1bdc754eeb8f81ee9239ae83c\" ><p>Der Spezialist f\u00fcr Autoteile, Ersatzteile &amp; KFZ Zubeh\u00f6r f\u00fcr N\u00fcrnberg, F\u00fcrth und Erlangen.<\/div><\/div>\n<div class=\"sep\"><\/div>\n<div class=\"row \"><div class=\"wpv-grid grid-1-3  wpv-first-level first unextended\" style=\"padding-top:0px;padding-bottom:0px\" id=\"wpv-column-65fdcfbd0c1669fa306f916cce7e67a3\" ><p><a href=\"http:\/\/www.autoglas-nuernberg.de\/\"><img loading=\"lazy\" decoding=\"async\" class=\"alignnone size-full wp-image-10796\" src=\"https:\/\/www.wiegel-autolackiererei.de\/wp-content\/uploads\/2015\/08\/logo2_srcset-large.png\" alt=\"logo2_srcset-large\" width=\"293\" height=\"132\" srcset=\"https:\/\/www.wiegel-autolackiererei.de\/wp-content\/uploads\/2015\/08\/logo2_srcset-large.png 293w, https:\/\/www.wiegel-autolackiererei.de\/wp-content\/uploads\/2015\/08\/logo2_srcset-large-262x118.png 262w\" sizes=\"(max-width: 293px) 100vw, 293px\" \/><\/a><\/div>\n<div class=\"wpv-grid grid-2-3  wpv-first-level unextended\" style=\"padding-top:0px;padding-bottom:0px\" id=\"wpv-column-1229f807bbedffcc4c52873075b5ec56\" ><p>F\u00fchrender Autoglas-Meisterbetrieb in N\u00fcrnberg.<\/div><\/div>\n<div class=\"sep\"><\/div>\n<div class=\"row \"><div class=\"wpv-grid grid-1-3  wpv-first-level first unextended\" style=\"padding-top:0px;padding-bottom:0px\" id=\"wpv-column-9d55868a36d15f52947410aca122ef6d\" ><p><a href=\"http:\/\/www.axa-betreuer.de\/udo_hertlein\"><img loading=\"lazy\" decoding=\"async\" class=\"alignnone size-full wp-image-10797\" src=\"https:\/\/www.wiegel-autolackiererei.de\/wp-content\/uploads\/2015\/08\/axa_sign_84px.jpg\" alt=\"axa_sign_84px\" width=\"247\" height=\"45\" \/><\/a><\/div>\n<div class=\"wpv-grid grid-2-3  wpv-first-level unextended\" style=\"padding-top:0px;padding-bottom:0px\" id=\"wpv-column-bd86f17aed884dca52ed743dcbe9a906\" ><p>AXA Hauptvertretung Udo Hertlein<\/div><\/div>\n<div class=\"sep\"><\/div>\n<div class=\"row \"><div class=\"wpv-grid grid-1-3  wpv-first-level first unextended\" style=\"padding-top:0px;padding-bottom:0px\" id=\"wpv-column-46b425da47e77eca0c47f8096c4053ef\" ><p><a href=\"http:\/\/www.pruefcenter-ebert.de\/\"><img loading=\"lazy\" decoding=\"async\" class=\"alignnone size-full wp-image-10798\" src=\"https:\/\/www.wiegel-autolackiererei.de\/wp-content\/uploads\/2015\/08\/pruefcenter-ebert-logo.png\" alt=\"pruefcenter-ebert-logo\" width=\"509\" height=\"61\" srcset=\"https:\/\/www.wiegel-autolackiererei.de\/wp-content\/uploads\/2015\/08\/pruefcenter-ebert-logo.png 509w, https:\/\/www.wiegel-autolackiererei.de\/wp-content\/uploads\/2015\/08\/pruefcenter-ebert-logo-300x36.png 300w, https:\/\/www.wiegel-autolackiererei.de\/wp-content\/uploads\/2015\/08\/pruefcenter-ebert-logo-360x43.png 360w, https:\/\/www.wiegel-autolackiererei.de\/wp-content\/uploads\/2015\/08\/pruefcenter-ebert-logo-262x31.png 262w\" sizes=\"(max-width: 509px) 100vw, 509px\" \/><\/a><\/div>\n<div class=\"wpv-grid grid-2-3  wpv-first-level unextended\" style=\"padding-top:0px;padding-bottom:0px\" id=\"wpv-column-41905647251a977cda3ee7d4391f059f\" ><p>Pr\u00fcfcenter Ebert, der kompetente Partner gleich in Ihrer N\u00e4he.<\/div><\/div>\n<div class=\"sep\"><\/div>\n<div class=\"row \"><div class=\"wpv-grid grid-1-3  wpv-first-level first unextended\" style=\"padding-top:0px;padding-bottom:0px\" id=\"wpv-column-52ba0817c645b3c6303650bc5aa3cf20\" ><p><a href=\"http:\/\/www.muhr-autoverleih.de\/\"><img loading=\"lazy\" decoding=\"async\" class=\"alignnone size-full wp-image-11014\" src=\"https:\/\/www.wiegel-autolackiererei.de\/wp-content\/uploads\/2015\/09\/muhr.png\" alt=\"muhr\" width=\"97\" height=\"48\" \/><\/a><\/div>\n<div class=\"wpv-grid grid-2-3  wpv-first-level unextended\" style=\"padding-top:0px;padding-bottom:0px\" id=\"wpv-column-9df77a844f7c6e7e6a6aea67791e1434\" ><p>Die Firma AUTOVERLEIH MUHR ist die leistungsstarke, erfahrene Autovermietung im LKW- und PKW-Bereich.<\/div><\/div>\n<div class=\"sep\"><\/div>\n<div class=\"row \"><div class=\"wpv-grid grid-1-3  wpv-first-level first unextended\" style=\"padding-top:0px;padding-bottom:0px\" id=\"wpv-column-ca23c504c0489c0552745a5e1196a801\" ><p><a href=\"http:\/\/www.cadion.de\" target=\"_blank\"><img loading=\"lazy\" decoding=\"async\" class=\"alignnone size-full wp-image-11198\" src=\"https:\/\/www.wiegel-autolackiererei.de\/wp-content\/uploads\/2015\/06\/cadion.jpg\" alt=\"cadion\" width=\"142\" height=\"50\" \/><\/a><\/div>\n<div class=\"wpv-grid grid-2-3  wpv-first-level unextended\" style=\"padding-top:0px;padding-bottom:0px\" id=\"wpv-column-722b3422ae7b1bce07347ad733871c6d\" ><p>Cadion &#8211; Nahrungserg\u00e4nzung &#8211; Mehr Energie im Leben<\/div><\/div>\n<div class=\"sep\"><\/div>\n<div class=\"row \"><div class=\"wpv-grid grid-1-3  wpv-first-level first unextended\" style=\"padding-top:0px;padding-bottom:0px\" id=\"wpv-column-79fef7acc50f725ba66925d8bc89a187\" ><p><a href=\"https:\/\/bvdp.info\/\"><img loading=\"lazy\" decoding=\"async\" class=\"alignnone size-full wp-image-11293\" src=\"https:\/\/www.wiegel-autolackiererei.de\/wp-content\/uploads\/2015\/06\/logo_bvdp.png\" alt=\"logo_bvdp\" width=\"280\" height=\"66\" srcset=\"https:\/\/www.wiegel-autolackiererei.de\/wp-content\/uploads\/2015\/06\/logo_bvdp.png 280w, https:\/\/www.wiegel-autolackiererei.de\/wp-content\/uploads\/2015\/06\/logo_bvdp-262x62.png 262w\" sizes=\"(max-width: 280px) 100vw, 280px\" \/><\/a><\/div>\n<div class=\"wpv-grid grid-2-3  wpv-first-level unextended\" style=\"padding-top:0px;padding-bottom:0px\" id=\"wpv-column-fe4a0cdc7059b2ba731003e4ff6e02df\" ><p>Bundesverband der Partnerwerkst\u00e4tten e. V.<\/div><\/div>\n<div class=\"sep\"><\/div>\n<div class=\"row \"><div class=\"wpv-grid grid-1-3  wpv-first-level first unextended\" style=\"padding-top:0px;padding-bottom:0px\" id=\"wpv-column-e92a7b0350db7b260ee4e8d142f9a63b\" ><p><a href=\"http:\/\/www.lackiererblatt.de\/\"><img loading=\"lazy\" decoding=\"async\" class=\"alignnone size-full wp-image-11294\" src=\"https:\/\/www.wiegel-autolackiererei.de\/wp-content\/uploads\/2015\/06\/100px_La_Logo_Online_Zusatz.jpg\" alt=\"AO_Logo_neu.indd\" width=\"685\" height=\"100\" srcset=\"https:\/\/www.wiegel-autolackiererei.de\/wp-content\/uploads\/2015\/06\/100px_La_Logo_Online_Zusatz.jpg 685w, https:\/\/www.wiegel-autolackiererei.de\/wp-content\/uploads\/2015\/06\/100px_La_Logo_Online_Zusatz-300x44.jpg 300w, https:\/\/www.wiegel-autolackiererei.de\/wp-content\/uploads\/2015\/06\/100px_La_Logo_Online_Zusatz-600x88.jpg 600w, https:\/\/www.wiegel-autolackiererei.de\/wp-content\/uploads\/2015\/06\/100px_La_Logo_Online_Zusatz-555x81.jpg 555w, https:\/\/www.wiegel-autolackiererei.de\/wp-content\/uploads\/2015\/06\/100px_La_Logo_Online_Zusatz-360x53.jpg 360w, https:\/\/www.wiegel-autolackiererei.de\/wp-content\/uploads\/2015\/06\/100px_La_Logo_Online_Zusatz-262x38.jpg 262w\" sizes=\"(max-width: 685px) 100vw, 685px\" \/><\/a><\/div>\n<div class=\"wpv-grid grid-2-3  wpv-first-level unextended\" style=\"padding-top:0px;padding-bottom:0px\" id=\"wpv-column-7190d707e47be70cbe96d5d0abeb2f32\" ><p>Das Fachblatt rund um das Fahrzeuglackieren<\/div><\/div>\n<div class=\"sep\"><\/div>\n<div class=\"row \"><div class=\"wpv-grid grid-1-3  wpv-first-level first unextended\" style=\"padding-top:0px;padding-bottom:0px\" id=\"wpv-column-30e18690671b35af8f0eb40c40992d40\" ><p><a href=\"http:\/\/www.fahrzeuglackiererforum.de\/\"><img loading=\"lazy\" decoding=\"async\" class=\"alignnone size-full wp-image-11295\" src=\"https:\/\/www.wiegel-autolackiererei.de\/wp-content\/uploads\/2015\/06\/Logo_fahrzeuglackiererforum.png\" alt=\"Logo_fahrzeuglackiererforum\" width=\"481\" height=\"140\" srcset=\"https:\/\/www.wiegel-autolackiererei.de\/wp-content\/uploads\/2015\/06\/Logo_fahrzeuglackiererforum.png 481w, https:\/\/www.wiegel-autolackiererei.de\/wp-content\/uploads\/2015\/06\/Logo_fahrzeuglackiererforum-300x87.png 300w, https:\/\/www.wiegel-autolackiererei.de\/wp-content\/uploads\/2015\/06\/Logo_fahrzeuglackiererforum-480x140.png 480w, https:\/\/www.wiegel-autolackiererei.de\/wp-content\/uploads\/2015\/06\/Logo_fahrzeuglackiererforum-360x105.png 360w, https:\/\/www.wiegel-autolackiererei.de\/wp-content\/uploads\/2015\/06\/Logo_fahrzeuglackiererforum-262x76.png 262w\" sizes=\"(max-width: 481px) 100vw, 481px\" \/><\/a><\/div>\n<div class=\"wpv-grid grid-2-3  wpv-first-level unextended\" style=\"padding-top:0px;padding-bottom:0px\" id=\"wpv-column-c7af009f5fc0a06d705c176ab5a4f1f0\" ><p>Das Portal f\u00fcr die Fahrzeuglackierung<\/div><\/div>\n","protected":false},"excerpt":{"rendered":"","protected":false},"author":1,"featured_media":0,"parent":0,"menu_order":0,"comment_status":"closed","ping_status":"open","template":"","meta":{"footnotes":""},"class_list":["post-10376","page","type-page","status-publish","hentry"],"_links":{"self":[{"href":"https:\/\/www.wiegel-autolackiererei.de\/index.php?rest_route=\/wp\/v2\/pages\/10376"}],"collection":[{"href":"https:\/\/www.wiegel-autolackiererei.de\/index.php?rest_route=\/wp\/v2\/pages"}],"about":[{"href":"https:\/\/www.wiegel-autolackiererei.de\/index.php?rest_route=\/wp\/v2\/types\/page"}],"author":[{"embeddable":true,"href":"https:\/\/www.wiegel-autolackiererei.de\/index.php?rest_route=\/wp\/v2\/users\/1"}],"replies":[{"embeddable":true,"href":"https:\/\/www.wiegel-autolackiererei.de\/index.php?rest_route=%2Fwp%2Fv2%2Fcomments&post=10376"}],"version-history":[{"count":20,"href":"https:\/\/www.wiegel-autolackiererei.de\/index.php?rest_route=\/wp\/v2\/pages\/10376\/revisions"}],"predecessor-version":[{"id":11297,"href":"https:\/\/www.wiegel-autolackiererei.de\/index.php?rest_route=\/wp\/v2\/pages\/10376\/revisions\/11297"}],"wp:attachment":[{"href":"https:\/\/www.wiegel-autolackiererei.de\/index.php?rest_route=%2Fwp%2Fv2%2Fmedia&parent=10376"}],"curies":[{"name":"wp","href":"https:\/\/api.w.org\/{rel}","templated":true}]}}

<div class="row "><div class="wpv-grid grid-1-3  wpv-first-level first unextended" style="padding-top:0px;padding-bottom:0px" id="wpv-column-89fed8cf2ccdf957e91fda25d3e561eb" ><p><a href="http://www.standox.com"><img loading="lazy" decoding="async" class="alignnone size-full wp-image-10323" src="https://www.wiegel-autolackiererei.de/wp-content/uploads/2015/06/repanet-logo-typeB.png" alt="repanet-logo-typeB" width="170" height="77" /></a></div>
<div class="wpv-grid grid-2-3  wpv-first-level unextended" style="padding-top:0px;padding-bottom:0px" id="wpv-column-32f56b971a5084110e78b37d08da8d63" ><p>Standox, einer der international führenden Hersteller von Premium-Autoreparaturlacken</div></div>
<div class="sep"></div>
<div class="row "><div class="wpv-grid grid-1-3  wpv-first-level first unextended" style="padding-top:0px;padding-bottom:0px" id="wpv-column-386655eed665d18fa7b1df7acd7e84f4" ><p><a href="http://www.wuerth.com/web/de/wuerthcom/portal/portalseite.php"><img loading="lazy" decoding="async" class="alignnone size-full wp-image-10793" src="https://www.wiegel-autolackiererei.de/wp-content/uploads/2015/08/logo.gif" alt="logo" width="162" height="35" /></a></div>
<div class="wpv-grid grid-2-3  wpv-first-level unextended" style="padding-top:0px;padding-bottom:0px" id="wpv-column-d158e2078c6986528a483ffb654c6bb8" ><p>Führender Spezialist im Handel mit Montage- und Befestigungsmaterial.</div></div>
<div class="sep"></div>
<div class="row "><div class="wpv-grid grid-1-3  wpv-first-level first unextended" style="padding-top:0px;padding-bottom:0px" id="wpv-column-f88d7ce80100eed75351c871d5d297b1" ><p><a href="http://www.3mdeutschland.de/3M/de_DE/unternehmen-de/?WT.mc_id=www.3m.de"><img loading="lazy" decoding="async" class="alignnone size-full wp-image-10794" src="https://www.wiegel-autolackiererei.de/wp-content/uploads/2015/08/Logo.png" alt="Logo" width="230" height="43" /></a></div>
<div class="wpv-grid grid-2-3  wpv-first-level unextended" style="padding-top:0px;padding-bottom:0px" id="wpv-column-cfe70ef0304081eedcd1b37970aa7bf8" ><p>Autoreparatur und Lackierung mit System</div></div>
<div class="sep"></div>
<div class="row "><div class="wpv-grid grid-1-3  wpv-first-level first unextended" style="padding-top:0px;padding-bottom:0px" id="wpv-column-8d3d14fc7e3c60114afce1535825701d" ><p><a href="http://www.sadi.de/"><img loading="lazy" decoding="async" class="alignnone size-full wp-image-10795" src="https://www.wiegel-autolackiererei.de/wp-content/uploads/2015/08/sadi_logo.png" alt="sadi_logo" width="176" height="91" /></a></div>
<div class="wpv-grid grid-2-3  wpv-first-level unextended" style="padding-top:0px;padding-bottom:0px" id="wpv-column-51344db1bdc754eeb8f81ee9239ae83c" ><p>Der Spezialist für Autoteile, Ersatzteile &amp; KFZ Zubehör für Nürnberg, Fürth und Erlangen.</div></div>
<div class="sep"></div>
<div class="row "><div class="wpv-grid grid-1-3  wpv-first-level first unextended" style="padding-top:0px;padding-bottom:0px" id="wpv-column-65fdcfbd0c1669fa306f916cce7e67a3" ><p><a href="http://www.autoglas-nuernberg.de/"><img loading="lazy" decoding="async" class="alignnone size-full wp-image-10796" src="https://www.wiegel-autolackiererei.de/wp-content/uploads/2015/08/logo2_srcset-large.png" alt="logo2_srcset-large" width="293" height="132" srcset="https://www.wiegel-autolackiererei.de/wp-content/uploads/2015/08/logo2_srcset-large.png 293w, https://www.wiegel-autolackiererei.de/wp-content/uploads/2015/08/logo2_srcset-large-262x118.png 262w" sizes="(max-width: 293px) 100vw, 293px" /></a></div>
<div class="wpv-grid grid-2-3  wpv-first-level unextended" style="padding-top:0px;padding-bottom:0px" id="wpv-column-1229f807bbedffcc4c52873075b5ec56" ><p>Führender Autoglas-Meisterbetrieb in Nürnberg.</div></div>
<div class="sep"></div>
<div class="row "><div class="wpv-grid grid-1-3  wpv-first-level first unextended" style="padding-top:0px;padding-bottom:0px" id="wpv-column-9d55868a36d15f52947410aca122ef6d" ><p><a href="http://www.axa-betreuer.de/udo_hertlein"><img loading="lazy" decoding="async" class="alignnone size-full wp-image-10797" src="https://www.wiegel-autolackiererei.de/wp-content/uploads/2015/08/axa_sign_84px.jpg" alt="axa_sign_84px" width="247" height="45" /></a></div>
<div class="wpv-grid grid-2-3  wpv-first-level unextended" style="padding-top:0px;padding-bottom:0px" id="wpv-column-bd86f17aed884dca52ed743dcbe9a906" ><p>AXA Hauptvertretung Udo Hertlein</div></div>
<div class="sep"></div>
<div class="row "><div class="wpv-grid grid-1-3  wpv-first-level first unextended" style="padding-top:0px;padding-bottom:0px" id="wpv-column-46b425da47e77eca0c47f8096c4053ef" ><p><a href="http://www.pruefcenter-ebert.de/"><img loading="lazy" decoding="async" class="alignnone size-full wp-image-10798" src="https://www.wiegel-autolackiererei.de/wp-content/uploads/2015/08/pruefcenter-ebert-logo.png" alt="pruefcenter-ebert-logo" width="509" height="61" srcset="https://www.wiegel-autolackiererei.de/wp-content/uploads/2015/08/pruefcenter-ebert-logo.png 509w, https://www.wiegel-autolackiererei.de/wp-content/uploads/2015/08/pruefcenter-ebert-logo-300x36.png 300w, https://www.wiegel-autolackiererei.de/wp-content/uploads/2015/08/pruefcenter-ebert-logo-360x43.png 360w, https://www.wiegel-autolackiererei.de/wp-content/uploads/2015/08/pruefcenter-ebert-logo-262x31.png 262w" sizes="(max-width: 509px) 100vw, 509px" /></a></div>
<div class="wpv-grid grid-2-3  wpv-first-level unextended" style="padding-top:0px;padding-bottom:0px" id="wpv-column-41905647251a977cda3ee7d4391f059f" ><p>Prüfcenter Ebert, der kompetente Partner gleich in Ihrer Nähe.</div></div>
<div class="sep"></div>
<div class="row "><div class="wpv-grid grid-1-3  wpv-first-level first unextended" style="padding-top:0px;padding-bottom:0px" id="wpv-column-52ba0817c645b3c6303650bc5aa3cf20" ><p><a href="http://www.muhr-autoverleih.de/"><img loading="lazy" decoding="async" class="alignnone size-full wp-image-11014" src="https://www.wiegel-autolackiererei.de/wp-content/uploads/2015/09/muhr.png" alt="muhr" width="97" height="48" /></a></div>
<div class="wpv-grid grid-2-3  wpv-first-level unextended" style="padding-top:0px;padding-bottom:0px" id="wpv-column-9df77a844f7c6e7e6a6aea67791e1434" ><p>Die Firma AUTOVERLEIH MUHR ist die leistungsstarke, erfahrene Autovermietung im LKW- und PKW-Bereich.</div></div>
<div class="sep"></div>
<div class="row "><div class="wpv-grid grid-1-3  wpv-first-level first unextended" style="padding-top:0px;padding-bottom:0px" id="wpv-column-ca23c504c0489c0552745a5e1196a801" ><p><a href="http://www.cadion.de" target="_blank"><img loading="lazy" decoding="async" class="alignnone size-full wp-image-11198" src="https://www.wiegel-autolackiererei.de/wp-content/uploads/2015/06/cadion.jpg" alt="cadion" width="142" height="50" /></a></div>
<div class="wpv-grid grid-2-3  wpv-first-level unextended" style="padding-top:0px;padding-bottom:0px" id="wpv-column-722b3422ae7b1bce07347ad733871c6d" ><p>Cadion &#8211; Nahrungsergänzung &#8211; Mehr Energie im Leben</div></div>
<div class="sep"></div>
<div class="row "><div class="wpv-grid grid-1-3  wpv-first-level first unextended" style="padding-top:0px;padding-bottom:0px" id="wpv-column-79fef7acc50f725ba66925d8bc89a187" ><p><a href="https://bvdp.info/"><img loading="lazy" decoding="async" class="alignnone size-full wp-image-11293" src="https://www.wiegel-autolackiererei.de/wp-content/uploads/2015/06/logo_bvdp.png" alt="logo_bvdp" width="280" height="66" srcset="https://www.wiegel-autolackiererei.de/wp-content/uploads/2015/06/logo_bvdp.png 280w, https://www.wiegel-autolackiererei.de/wp-content/uploads/2015/06/logo_bvdp-262x62.png 262w" sizes="(max-width: 280px) 100vw, 280px" /></a></div>
<div class="wpv-grid grid-2-3  wpv-first-level unextended" style="padding-top:0px;padding-bottom:0px" id="wpv-column-fe4a0cdc7059b2ba731003e4ff6e02df" ><p>Bundesverband der Partnerwerkstätten e. V.</div></div>
<div class="sep"></div>
<div class="row "><div class="wpv-grid grid-1-3  wpv-first-level first unextended" style="padding-top:0px;padding-bottom:0px" id="wpv-column-e92a7b0350db7b260ee4e8d142f9a63b" ><p><a href="http://www.lackiererblatt.de/"><img loading="lazy" decoding="async" class="alignnone size-full wp-image-11294" src="https://www.wiegel-autolackiererei.de/wp-content/uploads/2015/06/100px_La_Logo_Online_Zusatz.jpg" alt="AO_Logo_neu.indd" width="685" height="100" srcset="https://www.wiegel-autolackiererei.de/wp-content/uploads/2015/06/100px_La_Logo_Online_Zusatz.jpg 685w, https://www.wiegel-autolackiererei.de/wp-content/uploads/2015/06/100px_La_Logo_Online_Zusatz-300x44.jpg 300w, https://www.wiegel-autolackiererei.de/wp-content/uploads/2015/06/100px_La_Logo_Online_Zusatz-600x88.jpg 600w, https://www.wiegel-autolackiererei.de/wp-content/uploads/2015/06/100px_La_Logo_Online_Zusatz-555x81.jpg 555w, https://www.wiegel-autolackiererei.de/wp-content/uploads/2015/06/100px_La_Logo_Online_Zusatz-360x53.jpg 360w, https://www.wiegel-autolackiererei.de/wp-content/uploads/2015/06/100px_La_Logo_Online_Zusatz-262x38.jpg 262w" sizes="(max-width: 685px) 100vw, 685px" /></a></div>
<div class="wpv-grid grid-2-3  wpv-first-level unextended" style="padding-top:0px;padding-bottom:0px" id="wpv-column-7190d707e47be70cbe96d5d0abeb2f32" ><p>Das Fachblatt rund um das Fahrzeuglackieren</div></div>
<div class="sep"></div>
<div class="row "><div class="wpv-grid grid-1-3  wpv-first-level first unextended" style="padding-top:0px;padding-bottom:0px" id="wpv-column-30e18690671b35af8f0eb40c40992d40" ><p><a href="http://www.fahrzeuglackiererforum.de/"><img loading="lazy" decoding="async" class="alignnone size-full wp-image-11295" src="https://www.wiegel-autolackiererei.de/wp-content/uploads/2015/06/Logo_fahrzeuglackiererforum.png" alt="Logo_fahrzeuglackiererforum" width="481" height="140" srcset="https://www.wiegel-autolackiererei.de/wp-content/uploads/2015/06/Logo_fahrzeuglackiererforum.png 481w, https://www.wiegel-autolackiererei.de/wp-content/uploads/2015/06/Logo_fahrzeuglackiererforum-300x87.png 300w, https://www.wiegel-autolackiererei.de/wp-content/uploads/2015/06/Logo_fahrzeuglackiererforum-480x140.png 480w, https://www.wiegel-autolackiererei.de/wp-content/uploads/2015/06/Logo_fahrzeuglackiererforum-360x105.png 360w, https://www.wiegel-autolackiererei.de/wp-content/uploads/2015/06/Logo_fahrzeuglackiererforum-262x76.png 262w" sizes="(max-width: 481px) 100vw, 481px" /></a></div>
<div class="wpv-grid grid-2-3  wpv-first-level unextended" style="padding-top:0px;padding-bottom:0px" id="wpv-column-c7af009f5fc0a06d705c176ab5a4f1f0" ><p>Das Portal für die Fahrzeuglackierung</div></div>
